base 6) to base 10.
5242
-20220 (base 10) to base 2
-100111011111100
-30153 (base 6) to base 15
-128c
-586f (base 16) to base 5
-1211024
3100101 (base 4) to base 14
4c01
Convert 1022202210 (base 3) to base 12.
13110
4884 (base 10) to base 14
1acc
Convert -1826 (base 11) to base 12.
-141b
What is 1222023 (base 4) in base 6?
51243
What is -3646 (base 8) in base 14?
-9dc
-1ac1 (base 15) to base 11
-43a9
3b1 (base 14) to base 15
348
Convert 1122341 (base 5) to base 8.
47572
Convert 341203 (base 5) to base 10.
12053
Convert 2344 (base 5) to base 3.
110221
What is -e3 (base 16) in base 11?
-197
-ac (base 14) to base 10
-152
-219 (base 12) to base 10
-309
Convert 3754 (base 8) to base 16.
7ec
Convert -e78 (base 16) to base 15.
-116e
Convert 0 (base 10) to base 5.
0
What is 22404 (base 8) in base 16?
2504
Convert 31041 (base 7) to base 12.
4473
-361 (base 12) to base 11
-41a
-1001101010 (base 2) to base 14
-322
-623 (base 9) to base 7
-1323
What is -47210 (base 8) in base 6?
-233024
What is 205 (base 16) in base 14?
28d
What is 1427 (base 8) in base 15?
37b
What is -220121212 (base 3) in base 8?
-43037
1233330 (base 6) to base 8
202466
What is -1241 (base 9) in base 8?
-1640
Convert -10010111111 (base 2) to base 4.
-102333
-309 (base 12) to base 10
-441
What is -41420 (base 5) in base 11?
-2067
What is -3134 (base 9) in base 11?
-1800
What is 18e0 (base 16) in base 7?
24365
What is -2130021 (base 4) in base 5?
-304433
What is -121240 (base 5) in base 13?
-2107
What is 20c (base 13) in base 14?
1b0
Convert -3858 (base 12) to base 6.
-45352
What is 101001 (base 5) in base 16?
cb3
What is -70675 (base 8) in base 13?
-1033a
What is -1000111101011100 (base 2) in base 12?
-192a4
Convert 68 (base 9) to base 16.
3e
What is -1284 (base 11) in base 6?
-11413
What is -11552 (base 6) in base 5?
-23344
-297 (base 13) to base 9
-563
What is -11011110110011 (base 2) in base 14?
-52a7
5533 (base 6) to base 13
777
What is 530b (base 16) in base 4?
11030023
1209 (base 11) to base 9
2147
447 (base 11) to base 16
217
5322 (base 10) to base 12
30b6
What is 11100110011100 (base 2) in base 13?
6936
What is 20606 (base 8) in base 9?
12685
Convert -52aa (base 13) to base 11.
-8681
What is -298 (base 14) in base 5?
-4101
Convert -594 (base 11) to base 14.
-388
-66246 (base 7) to base 16
-40d4
Convert 1aa (base 13) to base 16.
135
Convert -378 (base 9) to base 3.
-102122
41269 (base 10) to base 14
1107b
Convert -12111120 (base 3) to base 6.
-30323
What is 14 (base 9) in base 15?
d
Convert 13414 (base 7) to base 4.
320311
What is -436 (base 11) in base 15?
-24d
-e6 (base 16) to base 9
-275
-2656 (base 7) to base 12
-711
-110323121 (base 4) to base 2
-10100111011011001
-6c0c (base 14) to base 2
-100100110001100
-20334 (base 9) to base 16
-3454
Convert 2d1 (base 15) to base 8.
1206
Convert -20aa9 (base 11) to base 6.
-353415
588 (base 10) to base 3
210210
11143 (base 7) to base 4
230020
What is -865 (base 12) in base 4?
-103031
Convert -111111111011 (base 2) to base 7.
-14633
16835 (base 13) to base 6
531415
Convert -345 (base 14) to base 6.
-3001
What is 384 (base 14) in base 4?
23000
What is 7112 (base 8) in base 16?
e4a
Convert -707 (base 8) to base 15.
-205
What is -1441 (base 6) in base 4?
-12001
Convert -161 (base 9) to base 14.
-9a
22da (base 15) to base 4
1303231
What is -26479 (base 12) in base 3?
-2200000210
Convert 341 (base 6) to base 7.
250
What is 3104 (base 6) in base 14?
372
What is 132403 (base 6) in base 11?
9220
What is -42324 (base 8) in base 16?
-44d4
What is -10e (base 15) in base 2?
-11101111
Convert -12011 (base 3) to base 6.
-351
What is -32180 (base 11) in base 3?
-2101012010
What is 788 (base 9) in base 12?
45b
Convert 5905 (base 12) to base 8.
23325
Convert 10000100000 (base 2) to base 15.
4a6
-5340 (base 6) to base 8
-2274
Convert -41d (base 16) to base 8.
-2035
Convert 201010 (base 3) to base 10.
516
Convert -1224234 (base 5) to base 12.
-11866
Convert -11011100 (base 3) to base 4.
-233121
Convert -1100000000010 (base 2) to base 6.
-44242
What is 2301211 (base 4) in base 10?
11365
Convert 192 (base 11) to base 16.
de
Convert 14a4 (base 11) to base 16.
789
861b (base 13) to base 9
27472
-2554 (base 7) to base 10
-970
Convert 10bc (base 13) to base 10.
2352
-2092 (base 16) to base 9
-12384
-11435 (base 6) to base 4
-122033
Convert -76 (base 13) to base 10.
-97
2bae (base 15) to base 10
9389
What is -5500 (base 7) in base 4?
-132220
What is 111032 (base 6) in base 15?
2b58
What is a21 (base 12) in base 13?
889
Convert -23210031 (base 4) to base 14.
-1339b
What is 823 (base 12) in base 2?
10010011011
Convert 1a5a (base 13) to base 14.
1630
-1311 (base 4) to base 16
-75
Convert 20122 (base 3) to base 16.
b3
What is 1110202200 (base 3) in base 9?
43680
Convert -10101210 (base 3) to base 10.
-2478
Convert -547 (base 16) to base 14.
-6c7
-94b0 (base 12) to base 7
-65256
What is 12b5 (base 15) in base 4?
332123
21311 (base 4) to base 13
395
What is -2170 (base 9) in base 12?
-b16
-8ab (base 14) to base 3
-2100200
What is 1465 (base 11) in base 14?
98a
Convert 7a3 (base 14) to base 16.
5eb
Convert -1004321 (base 5) to base 4.
-3331103
1c5 (base 15) to base 9
505
Convert -24d8 (base 14) to base 16.
-193e
Convert 15706 (base 11) to base 12.
10999
Convert 1a19 (base 12) to base 7.
12204
Convert 188 (base 10) to base 16.
bc
What is -527 (base 16) in base 8?
-2447
-11011320 (base 4) to base 8
-50570
6161 (base 8) to base 16
c71
Convert -68d (base 16) to base 2.
-11010001101
What is 1000100111101111 (base 2) in base 4?
20213233
What is c40d (base 14) in base 6?
420045
What is -18427 (base 10) in base 6?
-221151
What is -c36 (base 13) in base 5?
-31243
What is -300030 (base 4) in base 9?
-4206
100010011101010 (base 2) to base 11
12289
-2630 (base 16) to base 13
-45b0
-3002211 (base 4) to base 15
-3a53
What is -63347 (base 8) in base 11?
-18879
1a15 (base 12) to base 16
c71
Convert -2b1 (base 12) to base 9.
-517
Convert 492 (base 10) to base 4.
13230
29848 (base 10) to base 2
111010010011000
13330 (base 5) to base 15
4ca
Convert -10002020201 (base 3) to base 16.
-ed10
10d51 (base 14) to base 2
1010000001001011
Convert 2bc (base 14) to base 5.
4213
Convert 4296 (base 12) to base 16.
1c92
Convert -5d (base 14) to base 11.
-76
What is -1021001 (base 3) in base 11?
-766
What is 4d (base 14) in base 3?
2120
Convert 1341 (base 7) to base 6.
2223
What is 939 (base 16) in base 7?
6612
What is 608 (base 11) in base 16?
2de
What is 3561 (base 13) in base 8?
16533
-17a (base 14) to base 2
-100110000
158 (base 15) to base 16
134
-15557 (base 9) to base 3
-112121221
What is 373 (base 10) in base 15?
19d
What is 939f (base 16) in base 2?
1001001110011111
-33101 (base 4) to base 10
-977
-eb1 (base 15) to base 9
-4484
Convert -2c (base 16) to base 15.
-2e
Convert -350 (base 11) to base 13.
-262
427 (base 13) to base 2
1011000101
-72ab (base 12) to base 10
-12515
-12251 (base 6) to base 16
-727
What is -23253 (base 8) in base 10?
-9899
Convert 1360 (base 7) to base 6.
2244
Convert -c393 (base 13) to base 10.
-26991
What is -1ba5 (base 13) in base 2?
-1000001011111
Convert -47536 (base 9) to base 8.
-76051
What is 30323 (base 4) in base 9?
1118
1334 (base 7) to base 3
201002
What is -1f6 (base 16) in base 9?
-617
What is 5238 (base 9) in base 2?
111100000010
What is -20 (base 13) in base 6?
-42
What is 2024 (base 8) in base 3?
1102200
523 (base 6) to base 11
168
Convert 24145 (base 7) to base 10.
6256
Convert -1062 (base 9) to base 6.
-3345
What is -9b2 (base 14) in base 13?
-b49
Convert -11555 (base 8) to base 7.
-20333
What is -370 (base 9) in base 2?
-100110010
What is 10011121 (base 3) in base 10?
2311
What is 3a57 (base 15) in base 13?
5893
Convert -151 (base 12) to base 6.
-541
Convert -303020 (base 4) to base 5.
-101042
Convert 16161 (base 8) to base 9.
10880
506c (base 16) to base 15
6178
-62e7 (base 16) to base 13
-b6a8
20021 (base 4) to base 12
375
Convert -8a (base 11) to base 15.
-68
Convert 110101101 (base 2) to base 6.
1553
What is -247b (base 14) in base 7?
-24414
-2424 (base 11) to base 6
-22404
Convert 23413 (base 5) to base 8.
3305
-10122 (base 3) to base 14
-70
What is -44226 (base 7) in base 8?
-25526
Convert 5111 (base 6) to base 7.
3163
1986 (base 13) to base 